{"id":1759,"date":"2024-10-28T20:03:33","date_gmt":"2024-10-28T20:03:33","guid":{"rendered":"https:\/\/miceregithaemugofoundation.org\/?page_id=1759"},"modified":"2024-10-30T18:54:36","modified_gmt":"2024-10-30T18:54:36","slug":"events","status":"publish","type":"page","link":"https:\/\/miceregithaemugofoundation.fluid22.dev\/?page_id=1759","title":{"rendered":"Events"},"content":{"rendered":"","protected":false},"excerpt":{"rendered":"","protected":false},"author":1,"featured_media":0,"parent":0,"menu_order":1100,"comment_status":"closed","ping_status":"closed","template":"","meta":{"_seopress_robots_primary_cat":"","_seopress_titles_title":"Events | M\u0129cere G\u0129thae M\u0169go Foundation","_seopress_titles_desc":"See upcoming events and conferences for our foundation.","_seopress_robots_index":"","footnotes":""},"class_list":["post-1759","page","type-page","status-publish","hentry"],"_links":{"self":[{"href":"https:\/\/miceregithaemugofoundation.fluid22.dev\/index.php?rest_route=\/wp\/v2\/pages\/1759","targetHints":{"allow":["GET"]}}],"collection":[{"href":"https:\/\/miceregithaemugofoundation.fluid22.dev\/index.php?rest_route=\/wp\/v2\/pages"}],"about":[{"href":"https:\/\/miceregithaemugofoundation.fluid22.dev\/index.php?rest_route=\/wp\/v2\/types\/page"}],"author":[{"embeddable":true,"href":"https:\/\/miceregithaemugofoundation.fluid22.dev\/index.php?rest_route=\/wp\/v2\/users\/1"}],"replies":[{"embeddable":true,"href":"https:\/\/miceregithaemugofoundation.fluid22.dev\/index.php?rest_route=%2Fwp%2Fv2%2Fcomments&post=1759"}],"version-history":[{"count":1,"href":"https:\/\/miceregithaemugofoundation.fluid22.dev\/index.php?rest_route=\/wp\/v2\/pages\/1759\/revisions"}],"predecessor-version":[{"id":1762,"href":"https:\/\/miceregithaemugofoundation.fluid22.dev\/index.php?rest_route=\/wp\/v2\/pages\/1759\/revisions\/1762"}],"wp:attachment":[{"href":"https:\/\/miceregithaemugofoundation.fluid22.dev\/index.php?rest_route=%2Fwp%2Fv2%2Fmedia&parent=1759"}],"curies":[{"name":"wp","href":"https:\/\/api.w.org\/{rel}","templated":true}]}}